{"id":3040,"date":"2017-06-23T20:40:02","date_gmt":"2017-06-23T18:40:02","guid":{"rendered":"http:\/\/www.rsijournal.eu\/?page_id=3040"},"modified":"2017-06-23T20:40:02","modified_gmt":"2017-06-23T18:40:02","slug":"professor-marie-noelle-duquenne","status":"publish","type":"page","link":"https:\/\/rsijournal.eu\/?page_id=3040","title":{"rendered":"Professor Marie Noelle Duquenne"},"content":{"rendered":"<p><a href=\"http:\/\/www.rsijournal.eu\/wp-content\/uploads\/Duquenne.jpg\" rel=\"lightbox[3040]\"><img loading=\"lazy\" decoding=\"async\" class=\"alignleft size-thumbnail wp-image-3041\" title=\"Duquenne\" src=\"http:\/\/www.rsijournal.eu\/wp-content\/uploads\/Duquenne-150x150.jpg\" alt=\"\" width=\"150\" height=\"150\" \/><\/a><\/p>\n<p><strong>Professor Marie Noelle Duquenne<\/strong><\/p>\n<p>Marie Noelle Duquenne\u00a0 is a Professor of Statistical and Econometric Methods for Spatial Analysis at the Department of Planning and Regional Development School of Engineering, University of Thessaly.<\/p>\n<p>Studies:<\/p>\n<p>1984\u00a0 Doctorat (Ph.d) Mathematical Economy and Econometry.\u00a0 Department of Economics, University of Paris-X- Nanterre, France<\/p>\n<p>1981 DEA in Mathematical Economy and Econometry, Department of Economics, University of Paris-X-Nanterre, France<\/p>\n<p>1980\u00a0 Maitrise in Economic Science and Quantitative Methods, Department of Economics, University   of Paris-X-Nanterre, France<\/p>\n<p>Employment :<\/p>\n<p>2000 \u2013 2004 Teaching appointment at the Dept. PRD, University of Thessaly (Visiting Assistant Professor)<\/p>\n<p>1998 &#8211; 1999Scientific advisor of General Secretary, Greek Ministry of Environment, Planning and Public Works<\/p>\n<p>1997 \u2013 1998 Scientific advisor of General Secretary of Forests and Natural Environment, Greek Ministry of Agriculture<\/p>\n<p>1995 &#8211; 1997Scientific researcher, Centre of Social Morphology &amp; Social Policy of the Panteion University<\/p>\n<p>1993 \u2013 1995 Scientific collaborator of the research team at the Direction of Studies and Planning, Agricultural Bank of Greece, for the project: &#8220;Agricultural Peri-urban areas: functions \u2013 transformations \u2013 perspectives<\/p>\n<p>1993\u00a0\u00a0 Scientific collaborator of the Greek Institute of Labour, (INE)<\/p>\n<p>1992 &#8211; 1997Associate consultant, Vakakis International S.A. Agricultural Development Consultants<\/p>\n<p>1986 \u2013 1992 Scientific researcher, Institution of Mediterranean Studies<\/p>\n<p>1986 \u2013 1988 Scientific researcher at the Kapodistriako University of Athens<\/p>\n<p>1981 &#8211; 1983Researcher at the Research Centre CEDRA, University of Paris-X-Nanterre<\/p>\n<p>Indicative Publications include:<\/p>\n<p>Books, Edited volumes:<\/p>\n<p>Duquenne M.N.(1984), &#8216;Sp\u00e9cialisation Internationale et Prix de production&#8217;, Paris.<\/p>\n<p>Book Chapters:<\/p>\n<p>\u2022\u00a0\u00a0\u00a0\u00a0\u00a0 Kotzamanis B. and Duquenne M.N. (2012) &#8216;Les recensements de la population dans l\u2019Europe \u00e9largie, un essai r\u00e9ussi de comparabilit\u00e9 des donn\u00e9es?&#8217; In G. Masuy &#8211; Stroobant (ed.)\u00c9largissement de l\u2019Union europ\u00e9enne, Enjeux et implications socio-d\u00e9mographiques, Centre de recherche en d\u00e9mographie et soci\u00e9t\u00e9s, IACCHOS\/ Universit\u00e9 catholique de Louvain, Louvain-la-Neuve: 79-98.<\/p>\n<p>\u2022\u00a0\u00a0\u00a0\u00a0\u00a0 Vlontzos G. and Duquenne M.N. (2009) &#8216;Interrelationship between ethnicity and international trade of Greek virgin olive oil&#8217; In Lindgreen and Hingley (eds) Market Orientated? The Metamorphosis of Food and Agricultural Production and Marketing, Gower, U.K.<\/p>\n<p><strong>RSI Journal<\/strong><\/p>\n<p><strong>By Dr. Eleni Stamatiou-Lacroix<\/strong><\/p>\n","protected":false},"excerpt":{"rendered":"<p>Professor Marie Noelle Duquenne Marie Noelle Duquenne\u00a0 is a Professor of Statistical and Econometric Methods for Spatial Analysis at the Department of Planning and Regional Development School of Engineering, University of Thessaly. Studies: 1984\u00a0 Doctorat (Ph.d) Mathematical Economy and Econometry.\u00a0 Department of Economics, University of Paris-X- Nanterre, France 1981 DEA in Mathematical Economy and Econometry,&hellip;<\/p>\n","protected":false},"author":1,"featured_media":0,"parent":640,"menu_order":0,"comment_status":"closed","ping_status":"closed","template":"","meta":{"footnotes":""},"class_list":["post-3040","page","type-page","status-publish","hentry"],"_links":{"self":[{"href":"https:\/\/rsijournal.eu\/index.php?rest_route=\/wp\/v2\/pages\/3040","targetHints":{"allow":["GET"]}}],"collection":[{"href":"https:\/\/rsijournal.eu\/index.php?rest_route=\/wp\/v2\/pages"}],"about":[{"href":"https:\/\/rsijournal.eu\/index.php?rest_route=\/wp\/v2\/types\/page"}],"author":[{"embeddable":true,"href":"https:\/\/rsijournal.eu\/index.php?rest_route=\/wp\/v2\/users\/1"}],"replies":[{"embeddable":true,"href":"https:\/\/rsijournal.eu\/index.php?rest_route=%2Fwp%2Fv2%2Fcomments&post=3040"}],"version-history":[{"count":2,"href":"https:\/\/rsijournal.eu\/index.php?rest_route=\/wp\/v2\/pages\/3040\/revisions"}],"predecessor-version":[{"id":3044,"href":"https:\/\/rsijournal.eu\/index.php?rest_route=\/wp\/v2\/pages\/3040\/revisions\/3044"}],"up":[{"embeddable":true,"href":"https:\/\/rsijournal.eu\/index.php?rest_route=\/wp\/v2\/pages\/640"}],"wp:attachment":[{"href":"https:\/\/rsijournal.eu\/index.php?rest_route=%2Fwp%2Fv2%2Fmedia&parent=3040"}],"curies":[{"name":"wp","href":"https:\/\/api.w.org\/{rel}","templated":true}]}}